ommon factor of 40 and 1291420.
20
What is the greatest common factor of 3723 and 1769739?
219
Calculate the greatest common divisor of 489 and 789843.
3
What is the greatest common factor of 66 and 165795333?
33
Calculate the highest common divisor of 59 and 51552253.
59
What is the greatest common factor of 2702552 and 58876?
1436
What is the highest common divisor of 71145 and 360189?
279
Calculate the highest common factor of 7116016 and 35075.
1403
Calculate the highest common factor of 438 and 211686714.
438
What is the highest common divisor of 1291120 and 2080?
80
Calculate the highest common factor of 57067520 and 20.
20
What is the greatest common divisor of 18416346 and 390?
78
Calculate the highest common factor of 83083105 and 19.
19
What is the greatest common factor of 1682 and 5850518?
58
Calculate the greatest common factor of 253806 and 20314.
14
What is the highest common divisor of 518983 and 19?
1
What is the greatest common divisor of 2716 and 54348?
28
Calculate the greatest common divisor of 32968822 and 34.
2
Calculate the greatest common divisor of 35966 and 1132684.
98
Calculate the greatest common factor of 98 and 999173.
7
What is the highest common factor of 18228 and 973679?
1519
What is the greatest common divisor of 102070 and 827770?
590
What is the highest common factor of 55727 and 3136273?
133
What is the highest common factor of 3038000 and 24?
8
Calculate the highest common divisor of 162805958 and 238.
14
Calculate the highest common factor of 17521443 and 74563.
431
Calculate the greatest common divisor of 78568 and 73976.
56
Calculate the greatest common factor of 220 and 33393965.
55
Calculate the greatest common divisor of 274619788 and 548.
548
What is the highest common factor of 179267 and 1075981?
379
Calculate the greatest common factor of 148718 and 1802.
106
Calculate the greatest common factor of 64260 and 75880.
140
What is the highest common factor of 14208 and 36852?
444
Calculate the highest common divisor of 11168 and 1464404.
1396
What is the highest common factor of 57 and 931805961?
57
What is the highest common factor of 1628 and 1909589?
11
Calculate the highest common divisor of 5460 and 124403370.
2730
What is the highest common factor of 85600 and 825?
25
What is the greatest common factor of 15249 and 3332?
17
Calculate the greatest common divisor of 208162 and 6554.
58
What is the highest common divisor of 144852240 and 9945?
3315
Calculate the greatest common divisor of 782 and 117272290.
34
Calculate the greatest common factor of 64 and 25010896.
16
What is the highest common divisor of 94885 and 56?
7
Calculate the highest common factor of 135 and 4962924.
27
What is the highest common divisor of 38702118 and 68328?
5694
Calculate the highest common factor of 7697 and 18420512.
43
Calculate the greatest common factor of 31837 and 40183.
13
Calculate the highest common factor of 12 and 11995356.
12
What is the highest common divisor of 26649 and 2025?
81
What is the greatest common divisor of 9916 and 30150?
134
Calculate the greatest common factor of 5198690 and 39560.
230
What is the greatest common divisor of 42496 and 2920272?
1328
Calculate the greatest common divisor of 3475 and 1086146.
139
Calculate the greatest common factor of 2070 and 429120.
90
Calculate the highest common divisor of 550 and 21783850.
550
What is the highest common divisor of 7 and 43841497?
7
Calculate the highest common factor of 236 and 9322354.
118
Calculate the highest common divisor of 2475 and 22183425.
2475
Calculate the greatest common factor of 193856 and 35412.
52
Calculate the highest common factor of 164439374 and 92.
46
Calculate the highest common factor of 156 and 572055900.
156
What is the greatest common factor of 766620 and 1188?
36
What is the greatest common divisor of 3477 and 17880843?
57
Calculate the greatest common divisor of 125631 and 262197.
243
Calculate the highest common divisor of 43991134 and 4301.
253
What is the greatest common factor of 11351048 and 776?
8
What is the highest common divisor of 486288 and 1639?
11
What is the highest common factor of 18520 and 2544?
8
What is the greatest common factor of 12 and 2137376?
4
Calculate the highest common factor of 40368690 and 3636.
1818
Calculate the highest common divisor of 4769 and 32737679.
251
Calculate the highest common divisor of 373713223 and 16341.
5447
What is the greatest common divisor of 8438507 and 2233?
2233
Calculate the greatest common factor of 183680806 and 25783.
1357
Calculate the greatest common divisor of 200572 and 2289456.
4892
Calculate the greatest common divisor of 327 and 6091901.
109
What is the highest common divisor of 280 and 5217184?
56
What is the highest common factor of 1360 and 4625020?
340
What is the greatest common factor of 3175865 and 1617?
77
Calculate the highest common divisor of 236 and 5387762.
118
Calculate the highest common divisor of 8700 and 2853204.
12
Calculate the highest common factor of 1155780 and 40.
20
Calculate the highest common divisor of 248115978 and 330.
66
What is the greatest common factor of 24 and 128217304?
8
What is the highest common factor of 1555041 and 54162?
51
What is the greatest common factor of 9625 and 2528141?
77
Calculate the greatest common factor of 321 and 7349723.
107
Calculate the highest common divisor of 26928 and 15544936.
1496
What is the greatest common factor of 47885016 and 798?
114
Calculate the greatest common divisor of 1616581200 and 20.
20
Calculate the highest common divisor of 776 and 1632104.
8
What is the greatest common factor of 53696 and 211136?
64
Calculate the greatest common factor of 100 and 23882300.
100
Calculate the greatest common factor of 4403 and 17896123.
259
Calculate the greatest common factor of 8 and 133052008.
8
What is the highest common divisor of 2520244 and 254113?
3481
Calculate the highest common divisor of 117284 and 272500.
436
Calculate the highest common factor of 2958 and 33453501.
1479
Calculate the greatest common divisor of 2547437 and 19143.
709
What is the greatest common factor of 54 and 3377394?
18
What is the highest common factor of 164 and 654852?
164
Calculate the greatest common factor of 952 and 8419624.
136
What is the greatest common divisor of 811390 and 716270?
410
Calculate the highest common factor of 502105695 and 97755.
5145
Calculate the greatest common divisor of 131100 and 122196.
12
What is the greatest common factor of 10744070 and 11882?
914
Calculate the highest common factor of 749 and 830110708.
749
Calculate the highest common divisor of 22 and 29399128.
22
What is the greatest common divisor of 3262 and 223832?
14
What is the greatest common factor of 170 and 11116895?
85
What is the greatest common divisor of 42875 and 12691?
343
What is the highest common divisor of 96292475 and 31825?
475
Calculate the greatest common divisor of 94607 and 22323.
1063
Calculate the greatest common factor of 1070612 and 133.
19
Calculate the highest common factor of 3846941 and 22099.
49
Calculate the highest common factor of 384 and 101047512.
24
Calculate the highest common divisor of 138024 and 131112.
216
What is the highest common divisor of 32005391 and 44?
11
Calculate the greatest common divisor of 20691 and 29926809.
1089
Calculate the greatest common factor of 10 and 12516295.
5
Calculate the highest common divisor of 4913932 and 4.
4
Calculate the highest common divisor of 42 and 232460886.
42
Calculate the greatest common divisor of 429 and 18156723.
39
Calculate the highest common factor of 114017360 and 272.
16
What is the highest common factor of 1500 and 14644120?
20
What is the highest common factor of 429852 and 125656?
452
What is the highest common factor of 24830 and 18922943?
2483
What is the greatest common divisor of 3385713024 and 1152?
1152
Calculate the greatest common divisor of 4190620 and 2072.
1036
Calculate the greatest common divisor of 36439290 and 135.
45
What is the greatest common divisor of 7518 and 327306?
42
Calculate the greatest common divisor of 348957 and 31262.
203
Calculate the highest common divisor of 1254841 and 847.
7
Calculate the greatest common factor of 8509 and 555162.
67
Calculate the highest common div